38 is divided by 1116?
1094
What is the remainder when 32376 is divided by 8093?
4
Calculate the remainder when 44303 is divided by 426.
425
What is the remainder when 8763 is divided by 2190?
3
What is the remainder when 1305 is divided by 337?
294
Calculate the remainder when 9973 is divided by 57.
55
What is the remainder when 123357 is divided by 5139?
21
What is the remainder when 11487475 is divided by 143?
142
What is the remainder when 119661 is divided by 207?
15
What is the remainder when 28887 is divided by 84?
75
Calculate the remainder when 378471 is divided by 94607.
43
Calculate the remainder when 15054 is divided by 796.
726
What is the remainder when 17804 is divided by 11?
6
What is the remainder when 7796 is divided by 69?
68
Calculate the remainder when 755026 is divided by 9.
7
What is the remainder when 69328 is divided by 160?
48
Calculate the remainder when 20948 is divided by 54.
50
What is the remainder when 36600 is divided by 22?
14
Calculate the remainder when 7106 is divided by 589.
38
What is the remainder when 98774 is divided by 15?
14
Calculate the remainder when 12843 is divided by 2540.
143
What is the remainder when 907553 is divided by 55?
53
Calculate the remainder when 3732 is divided by 527.
43
What is the remainder when 258006 is divided by 176?
166
What is the remainder when 2424 is divided by 162?
156
What is the remainder when 965973 is divided by 2161?
6
Calculate the remainder when 13999 is divided by 163.
144
What is the remainder when 31983 is divided by 29?
25
Calculate the remainder when 60358 is divided by 60.
58
Calculate the remainder when 41598 is divided by 10390.
38
Calculate the remainder when 98085 is divided by 5768.
29
Calculate the remainder when 189294 is divided by 11830.
14
What is the remainder when 13477 is divided by 173?
156
Calculate the remainder when 48517 is divided by 309.
4
What is the remainder when 88051 is divided by 454?
429
What is the remainder when 1882 is divided by 7?
6
What is the remainder when 5818 is divided by 5716?
102
Calculate the remainder when 71917 is divided by 35949.
19
Calculate the remainder when 51411 is divided by 10270.
61
Calculate the remainder when 1045534 is divided by 899.
896
Calculate the remainder when 2788539 is divided by 106.
103
What is the remainder when 242962 is divided by 204?
202
Calculate the remainder when 6854 is divided by 1142.
2
What is the remainder when 1867 is divided by 231?
19
Calculate the remainder when 15832 is divided by 9.
1
What is the remainder when 28808 is divided by 9594?
26
What is the remainder when 11152 is divided by 681?
256
Calculate the remainder when 1038 is divided by 300.
138
What is the remainder when 4251 is divided by 4242?
9
What is the remainder when 372209 is divided by 63?
5
Calculate the remainder when 16971 is divided by 163.
19
What is the remainder when 81068 is divided by 110?
108
What is the remainder when 712230 is divided by 67?
20
Calculate the remainder when 1770046 is divided by 42.
40
What is the remainder when 6612 is divided by 3291?
30
Calculate the remainder when 21208 is divided by 1259.
1064
What is the remainder when 350882 is divided by 4?
2
Calculate the remainder when 2841863 is divided by 7.
3
What is the remainder when 10105 is divided by 265?
35
Calculate the remainder when 5007 is divided by 274.
75
What is the remainder when 21346 is divided by 9?
7
Calculate the remainder when 40092 is divided by 23.
3
What is the remainder when 2177320 is divided by 2177309?
11
What is the remainder when 815 is divided by 81?
5
Calculate the remainder when 358255 is divided by 1167.
1153
What is the remainder when 160173 is divided by 316?
277
What is the remainder when 31465 is divided by 269?
261
What is the remainder when 26059 is divided by 681?
181
What is the remainder when 591 is divided by 274?
43
What is the remainder when 36275 is divided by 18133?
9
Calculate the remainder when 7627174 is divided by 54.
52
What is the remainder when 8665 is divided by 2884?
13
Calculate the remainder when 13435 is divided by 98.
9
What is the remainder when 109506 is divided by 928?
2
Calculate the remainder when 515612 is divided by 48.
44
Calculate the remainder when 4506 is divided by 582.
432
What is the remainder when 25544 is divided by 1881?
1091
Calculate the remainder when 4166 is divided by 174.
164
Calculate the remainder when 1313 is divided by 198.
125
What is the remainder when 11513 is divided by 11?
7
What is the remainder when 5139706 is divided by 42?
40
Calculate the remainder when 14278 is divided by 1781.
30
What is the remainder when 5603 is divided by 15?
8
Calculate the remainder when 2724 is divided by 1292.
140
Calculate the remainder when 1967183 is divided by 912.
911
Calculate the remainder when 6875 is divided by 222.
215
Calculate the remainder when 237650 is divided by 79215.
5
Calculate the remainder when 224340 is divided by 22431.
30
What is the remainder when 3727 is divided by 29?
15
Calculate the remainder when 352220 is divided by 598.
596
Calculate the remainder when 20614 is divided by 245.
34
Calculate the remainder when 1572 is divided by 520.
12
Calculate the remainder when 5162 is divided by 316.
106
Calculate the remainder when 55336 is divided by 559.
554
What is the remainder when 6043 is divided by 1342?
675
What is the remainder when 3701 is divided by 1215?
56
What is the remainder when 10814 is divided by 87?
26
Calculate the remainder when 65643 is divided by 2051.
11
What is the remainder when 827018 is divided by 1609?
1601
What is the remainder when 10448 is divided by 744?
32
Calculate the remainder when 3651 is divided by 93.
24
What is the remainder when 265583 is divided by 2214?
2117
What is the remainder when 3745 is divided by 313?
302
What is the remainder when 56132 is divided by 191?
169
Calculate the remainder when 132417 is divided by 33102.
9
Calculate the remainder when 9720 is divided by 165.
150
What is the remainder when 1090 is divided by 33?
1
What is the remainder when 12170 is divided by 335?
110
Calculate the remainder when 119994 is divided by 14999.
2
Calculate the remainder when 13053 is divided by 736.
541
What is the remainder when 6358 is divided by 53?
51
What is the remainder when 7554 is divided by 56?
50
Calculate the remainder when 31498 is divided by 254.
2
Calculate the remainder when 181281 is divided by 12.
9
Calculate the remainder when 853552 is divided by 353.
351
What is the remainder when 140526 is divided by 46?
42
What is the remainder when 137983 is divided by 1150?
1133
Calculate the remainder when 2283 is divided by 240.
123
Calculate the remainder when 171437 is divided by 52.
45
Calculate the remainder when 152823 is divided by 835.
18
What is the remainder when 619677 is divided by 15?
12
What is the remainder when 145910 is divided by 829?
6
What is the remainder when 27047 is divided by 28?
27
Calculate the remainder when 12556 is divided by 433.
432
What is the remainder when 1034 is divided by 511?
12
What is the remainder when 8368 is divided by 1033?
104
What is the remainder when 16871 is divided by 1122?
41
What is the remainder when 11396 is divided by 11322?
74
Calculate the remainder when 12785 is divided by 168.
17
Calculate the remainder when 1670 is divided by 1216.
454
What is the remainder when 7360 is divided by 1837?
12
What is the remainder when 37136 is divided by 241?
22
Calculate the remainder when 1753 is divided by 211.
65
What is the remainder when 352679 is divided by 6531?
5
What is the remainder when 4326 is divided by 632?
534
What is the remainder when 872413 is divided by 290802?
7
Calculate the remainder when 6317 is divided by 371.
10
What is the remainder when 104095 is divided by 107?
91
Calculate the remainder when 23611 is divided by 125.
111
Calculate the remainder when 9206 is divided by 1799.
211
Calculate the remainder when 1485 is divided by 739.
7
Calculate the remainder when 3486 is divided by 1072.
270
Calculate the remainder when 117405 is divided by 118.
113
Calculate the remainder when 9571 is divided by 114.
109
Calculate the remainder when 885 is divided by 510.
375
Calculate the remainder when 853228 is divided by 35.
33
Cal